 d be s(u). Determine v(d).
7
Let l(u) = u. Suppose 4*o = 1266 - 1286. Give l(o).
-5
Let j(u) = -u**2 + u - 13. Let r be j(-6). Let c = r + 54. Let h(v) = -8*v**3 + 2*v**2 - 1. Give h(c).
9
Let h(n) = -13*n**3 - 12*n**3 + 10*n**3. Calculate h(1).
-15
Let c(a) = 11*a**3 + 10*a + 21. Let r(t) = 2*t**3 + t**2 + 2. Let b(y) = c(y) - 6*r(y). Calculate b(-7).
-12
Let z(u) = u**3 + 7*u**2 + 6*u + 9. Let r be (4/(-6))/(8/(-36)). Suppose r - 9 = n. Give z(n).
9
Suppose 5*o = 4*o - 4. Let b be (-1)/o - 31/(-4). Let w(t) = -t + 8. Give w(b).
0
Let t(x) = -4*x**2 + 3*x - 2. Let k be t(1). Let f = -5 + k. Let u(y) = 2*y + 4. What is u(f)?
-12
Let r be 10/(-2 + 0)*(-102)/170. Let s(a) be the first derivative of -4*a**2 - r*a + 1/4*a**4 - 9 + a**3. What is s(-5)?
-13
Let u(k) = k**2 + 2*k + 2. Let q(v) = v**3 - 8*v**2 + 9*v - 13. Let n be q(7). Let l be (2 - n)*(-3)/1. Give u(l).
5
Let b(i) = i**2 + 5*i - 5. Let g(a) = a**2 - 9*a - 6. Let c = 2 - 0. Suppose -4 = -c*w + 14. Let f be g(w). What is b(f)?
1
Let i(r) = r + 9. Let j be i(-3). Suppose -3*v - 2*v = -50. Let o(g) = 9*g - v*g - 3 + 9. What is o(j)?
0
Suppose 2*g - 80 = -2*g - 2*r, 2*r - 26 = -g. Let y(k) = -3*k + 35 - 18 - g. Calculate y(5).
-16
Let g(w) = -w + 20. Let s be (1 - 0)/(1/10). Let n be g(s). Let t(u) = u - 4. Calculate t(n).
6
Suppose -12*x + 0 + 24 = 0. Let c(o) = -2*o**3 - 2*o**2 + 2*o + 2. What is c(x)?
-18
Let x(p) = -3*p + 2. Let a be x(2). Let y(h) be the first derivative of h**3/3 + 2*h**2 - 3*h + 696. What is y(a)?
-3
Let c(q) = -q**2 - q + 1. Let v be c(1). Let k(u) = -u + 4. Let g(n) = -1. Let w(z) = v*k(z) + 4*g(z). Let y be (24/9 + -3)*-18. What is w(y)?
-2
Let c(g) = 66*g - 49*g - 11*g + 100. Calculate c(-17).
-2
Let w(g) = g**3 - 4*g**2 + 2*g + 1. Let j = -36 + 29. Let b = 9 + j. Give w(b).
-3
Let j(i) = -i**2 + 8*i + 2. Let a(g) = -2*g - 38. Let l be a(-23). What is j(l)?
2
Let a(v) = 50 - 2*v - 106 - v**3 + 55 - 4*v**2. Determine a(-4).
7
Let s = 24 - 14. Let c be (-3)/6 + s/4. Let z(x) = -x + 1. Let a(g) = 8*g - 7. Let r(h) = a(h) + 4*z(h). Determine r(c).
5
Let t(y) = -y**3 - 8*y**2 + y + 10. Let w = 90 - 98. Determine t(w).
2
Let c(z) = -z**3 - 3*z**2 + 2. Suppose 5*h + 2*m - 8 = -25, -2*m = -2*h - 4. Calculate c(h).
2
Let k(g) = g**3 + 4*g**2 + g + 4. Let d be k(-4). Let c(y) = 9 + 3*y - 4*y + d*y. Determine c(7).
2
Let k(v) = -v + 5. Let i(a) = 2*a - 6. Let n(t) = 3*i(t) + 4*k(t). Let f be -295 + 305 - 28/2. Determine n(f).
-6
Let r(x) = -x**3 - 9*x**2 - 22*x - 20. Let g be r(-6). Let n(h) = -h**3 + 4*h**2 - 3 + 4 - 3. What is n(g)?
-2
Let o(j) = 4. Let f(w) = -2*w + 39. Let y(d) = -f(d) + 5*o(d). Give y(11).
3
Let x(l) be the third derivative of 0*l + 0*l**3 + 0 - 1/12*l**4 - 3*l**2 - 1/20*l**5 - 1/120*l**6. Let u be x(-3). Let y(d) = -d**2 + 5*d + 1. What is y(u)?
-5
Let k(i) = -i**3 - 7*i**2 + i. Let j be 13/(-2) - ((-63)/(-18) - 3). Determine k(j).
-7
Let g(n) = -2*n**2 + 13*n - 6. Let a be (-165)/77*(-56)/24. Calculate g(a).
9
Suppose -q = 4*u - 9, 3*q = 4*u - 5*u + 16. Let z(h) = 0 - 16*h + 14*h - 20*h**2 - u + h**2. Give z(-1).
-18
Let s(k) = -k**3 + 1. Let m(u) = -u**2 - 3*u + 2. Let h(c) = m(c) - s(c). Suppose 5*d - 18 + 3 = 0. Calculate h(d).
10
Let r(x) be the third derivative of -x**4/6 - x**3/2 - 5*x**2. Suppose 6*o + 2 = -4*t + 3*o, o - 2 = 0. Determine r(t).
5
Let t(m) = 83*m + 659. Let l be t(-8). Let z(g) be the first derivative of -g**4/4 - 5*g**3/3 + g**2/2 + 6*g + 1. Give z(l).
1
Let z(k) be the first derivative of 14 + 5/2*k**2 + 2*k. Determine z(-2).
-8
Let l(j) = j**3 + 4*j**2 + j - 12. Let k(p) = 2*p**3 + 4*p**2 + p - 14. Let u(t) = -2*k(t) + 3*l(t). Calculate u(4).
-4
Let l(q) = 2*q**2 + 6*q - 44. Let t(b) = 3*b**2 + 11*b - 71. Let s(a) = -8*l(a) + 5*t(a). Suppose -2*y = -3*d - 1, y + 2*d - 11 = -0*y. What is s(y)?
7
Let i = 3 - 0. Let c(n) = 5*n + 2. Let j(r) = 29*r + 11. Let b(y) = -34*c(y) + 6*j(y). What is b(i)?
10
Let o(l) = l**3 + 12*l**2 + 3*l - 20. Let z be o(-11). Let q = z + -46. Let v(x) = x + x - 21 + q. What is v(-1)?
-1
Let u(x) = 4*x**2 - 79*x - 17. Let v be u(20). Suppose f = -0*f. Suppose 4*r = 3*s + s - 8, -5*s - v*r + 2 = f. Let j(p) = 7*p**2 + p - 1. Give j(s).
7
Let b(c) be the third derivative of -c**8/960 - c**7/1260 - c**6/360 - c**5/120 - c**4/12 - c**2. Let m(a) be the second derivative of b(a). Determine m(-1).
6
Let o(v) = 0*v**3 - 9*v + 10*v**2 - 1073 + 2*v**3 - 3*v**3 + 1082. Determine o(9).
9
Suppose -80 = 3*x - 74. Suppose 2*t = -t + 9. Let m(k) = -t*k - 3 + 6*k + 1. Determine m(x).
-8
Let v(c) = 2*c**2 - c + 1. Let n(t) be the second derivative of 7*t**4/12 - t**3/3 + 2*t**2 + 17*t. Let d(p) = -n(p) + 4*v(p). Give d(4).
8
Suppose -4 - 16 = -4*r - 2*s, 4*r - 5*s - 48 = 0. Let q(h) = -2 + 4*h + r*h - 12*h. Determine q(-6).
4
Let z(a) = -2. Let x(g) = g - 16. Let d(c) = x(c) - 5*z(c). Determine d(-7).
-13
Let l(p) = -2*p**2 + 14*p**3 - 15*p**3 + 3 + 19*p - 14*p. Let d = -12 - -8. What is l(d)?
15
Let f(n) = 6*n - 4*n + 18*n**2 + 1 + 0*n. Let r be f(-1). Let d(p) = p - 15. Let g be d(r). Let i(o) = o**3 - 3*o**2 + 3*o - 3. Determine i(g).
-1
Let i(o) be the first derivative of 4*o**2 - 3 - 2*o + 0*o + 2*o. Let m = -24 - -25. Determine i(m).
8
Let z(m) = 2*m**2 + 5*m + 3. Let k = -27 - -36. Let s(g) = -2*g - 12. Let n be s(-8). Let j be (k/(-6))/(n/8). Give z(j).
6
Let w(u) = -u**3. Let d(k) = -3*k**2 + 6*k + 4. Let v(o) = -d(o) - w(o). Let s(j) = 2*j + 12. Suppose -4*l = l + 40. Let z be s(l). Calculate v(z).
4
Suppose 5*v + 3 = 2*k, -2*k + 6 = -4*v - 0. Suppose -1 - k = 2*t. Let j(i) = -7 - i + 6 + 7. Determine j(t).
11
Let q = 36 - 23. Suppose -3*b + 7 = q. Let r(l) = -1 - 2*l + 4*l**3 + 2*l**2 - l**3 - l**3. What is r(b)?
-5
Suppose 0 = -11*d + 3 + 8. Let a(n) = -30*n**2 - 2*n + 1. What is a(d)?
-31
Let t be -3 - ((-2 - 3) + 3). Let l be (0 - (-2 - t))*3. Let d(c) be the third derivative of 5*c**4/24 - c**3/2 + 16*c**2. What is d(l)?
12
Let d(g) = -g**3 + 22*g**2 + 22*g + 21. Let a be d(23). Let i be (14/(-21) + a/(-12))*-8. Let r(c) = c**3 - 6*c**2 + 5*c + 3. What is r(i)?
-9
Let z(d) = d - 4. Let s(q) = -q + 2. Let p(k) = 2*s(k) + z(k). What is p(-4)?
4
Let x(c) = -4*c + 5. Let h = 208 - 201. Determine x(h).
-23
Let r(n) be the second derivative of -1/12*n**4 + 17*n + 0 - 7/2*n**2 - n**3. Calculate r(-5).
-2
Let m(y) be the third derivative of -y**4/24 + y**3/2 + y**2. Suppose 40 = 3*k + k. Suppose -n = 5 - k. Give m(n).
-2
Let f(b) be the first derivative of b**2/2 + 2*b - 2. Let q be f(1). Suppose z + 8 = q*z. Let c(a) = -5*a + 5. Calculate c(z).
-15
Let r(d) = -52*d**2 - d - 1. Suppose -5*a = 135 - 130. What is r(a)?
-52
Let x(o) be the second derivative of 1/6*o**3 + 2*o + 3/2*o**2 + 0. What is x(-4)?
-1
Let r(o) = o**2 + 5*o - 4. Suppose 0 = a + 4*a. Let i(l) be the third derivative of l**6/120 - l**3 + l**2 + 12*l. Let g be i(a). What is r(g)?
2
Let g(x) = -x + 0*x**3 + x**3 - 5*x**2 + 3 + 0. Let z = 2912 + -2907. Determine g(z).
-2
Suppose 4*t + 7 = -2*p - 1, t + 2 = -2*p. Let i be (-18)/(-36) + 11/t. Let d(h) = h + 8. Give d(i).
3
Let x(t) = 4*t**2 - 1. Suppose 0 = -3*o + 4*i + 31, -6*o - i + 28 = -4*o. Let v = -14 + o. Calculate x(v).
3
Let a be (-37)/39*3 + (-4)/26. Let u(j) = j + 3. Calculate u(a).
0
Suppose 2*v - 5 + 2 = 5*d, 0 = 2*v + 5*d + 7. Let m be (-4)/(-12) - 10/(-6). Let j(k) = k**3 + 1 - m*k**3 + k - k**2 - 4*k**3. Determine j(v).
4
Let n(a) = a**2 - a + 1. Let k(m) = -3*m**2 + m. Let s(r) = -2*k(r) - 2*n(r). Let h be (-2 + 4)*3/3. Determine s(h).
14
Suppose -12 = 4*r - y, 0 = 7*y - 10*y. Let v(k) = 2*k**2 + 6*k + 6. What is v(r)?
6
Let d(g) = 5*g + 0*g + 9 - 5*g + 3*g - 17. Determine d(11).
25
Let z(p) = -35*p**2 + 3*p - 16. Let o(t) = -33*t**2 + 3*t - 18. Let f(x) = -7*o(x) + 8*z(x). Determine f(1).
-48
Suppose 133 - 19 = -6*n. Let z(c) = -c**3 - 18*c**2 + 20*c + 24. What is z(n)?
5
Let i(u) be the second derivative of u**5/20 + u**4/12 + u**3/3 + u**2 - 25*u + 10. Calculate i(0).
2
Let k(v) = -v**3 - 25*v**2 + v + 27. Let f be k(-25). Let h(q) = 2 - 25*q**2 + 10*q**2 + 14*q**f - q. Give h(2).
-4
Let y(v) be the third derivative of -v**6/120 + 2*v**5/15 + v**3/6 + 670*v**2. Let d = 2 - -6. Give y(d).
1
Suppose -8 = -3*w + 10. Let o(c) = -4*c - 4. Let a(p) = 5*p + 5. Let y(v) = w*o(v